07 prime?
True
Is 1587805697 composite?
False
Is 1607693306 a prime number?
False
Is 336114299 composite?
False
Is 164910883903 a composite number?
False
Is 258866206 composite?
True
Is 65035084549 prime?
True
Is 81316990219 prime?
True
Is 664553951 prime?
True
Is 4649006059 composite?
True
Is 80215517 composite?
False
Is 6283239251 a prime number?
True
Is 376578143 prime?
False
Is 27171947287 a composite number?
True
Is 9097734469 prime?
False
Is 7666871281 composite?
True
Is 37014594233 a composite number?
True
Is 9584231851 composite?
True
Is 1636406153 composite?
False
Is 14706636853 a prime number?
True
Is 388810481 a composite number?
True
Is 366262289 a prime number?
True
Is 3483301363 prime?
True
Is 25522002663 prime?
False
Is 90665099881 a composite number?
True
Is 663746029 a composite number?
True
Is 695428057 a prime number?
True
Is 22581740399 composite?
True
Is 6279097127 a prime number?
True
Is 369125807 composite?
True
Is 9789531437 a composite number?
True
Is 2630281457 prime?
True
Is 10832983547 prime?
False
Is 50743222949 prime?
True
Is 708995341 composite?
True
Is 5086021319 prime?
True
Is 21126563489 prime?
True
Is 11668826287 composite?
False
Is 1018453517 a composite number?
True
Is 608647547 a composite number?
False
Is 285545167583 a prime number?
False
Is 100988254981 composite?
False
Is 26361700129 a prime number?
True
Is 169386101 prime?
True
Is 1455655967 a prime number?
False
Is 1831994261 prime?
True
Is 3794804729 a prime number?
True
Is 1740231301 a prime number?
False
Is 933018043 a prime number?
True
Is 5784040039 prime?
True
Is 41359404629 composite?
True
Is 56352445943 prime?
True
Is 4229140967 composite?
True
Is 24637046099 prime?
True
Is 27463227053 prime?
True
Is 1148624905 composite?
True
Is 305403038777 composite?
False
Is 307484165 a composite number?
True
Is 6059179993 prime?
True
Is 21037244999 prime?
False
Is 35725719517 a prime number?
True
Is 2289649331 prime?
True
Is 4847954213 a composite number?
False
Is 820609781 a prime number?
False
Is 80776319119 a composite number?
False
Is 45836944123 a composite number?
False
Is 4963183831 composite?
False
Is 185481623 a composite number?
False
Is 8075097997 a composite number?
False
Is 5781885287 a composite number?
False
Is 218307335 composite?
True
Is 2476475887 a composite number?
False
Is 1114451197 composite?
True
Is 437627459 a prime number?
True
Is 2984261441 a prime number?
False
Is 17794473391 composite?
False
Is 2103520441 a composite number?
True
Is 2285209 a composite number?
True
Is 170343059 composite?
False
Is 2516150887 a composite number?
True
Is 54192812731 a composite number?
False
Is 5935726219 a composite number?
True
Is 12908039 a prime number?
True
Is 1378888381 prime?
False
Is 317079421 composite?
False
Is 2719326811 a composite number?
False
Is 24756815371 a prime number?
False
Is 10049203357 prime?
True
Is 48657846599 prime?
True
Is 3817789991 a composite number?
False
Is 728236461 a composite number?
True
Is 162999059 a prime number?
True
Is 58630691641 a prime number?
False
Is 2899449689 composite?
False
Is 1292766127 prime?
False
Is 215579251 composite?
False
Is 222460409 a prime number?
True
Is 1084522141 composite?
False
Is 76856957147 prime?
True
Is 4048949461 a composite number?
False
Is 130584919 composite?
False
Is 33740487607 prime?
False
Is 1061153657 a prime number?
False
Is 580496927 a composite number?
False
Is 984654001 a prime number?
True
Is 163992570701 a composite number?
False
Is 7478297065 composite?
True
Is 614186257 a composite number?
False
Is 3216984583 a prime number?
True
Is 20477404931 composite?
True
Is 2492714915 a prime number?
False
Is 1660012303 composite?
True
Is 881620457 composite?
False
Is 933094891 composite?
True
Is 132857243 prime?
True
Is 5506603 a composite number?
True
Is 1685499521 a prime number?
True
Is 7491071557 a prime number?
True
Is 3649592503 a composite number?
False
Is 466031861 a prime number?
True
Is 522627683 prime?
True
Is 16611352853 a prime number?
False
Is 7830295937 a composite number?
False
Is 9016084009 a composite number?
True
Is 28855052553 prime?
False
Is 547949177 prime?
False
Is 3959740529 composite?
False
Is 106076455559 a prime number?
True
Is 840395019 a prime number?
False
Is 13603711 composite?
True
Is 265852458097 a prime number?
True
Is 21810172243 a composite number?
False
Is 12615541 a composite number?
False
Is 1062653809 prime?
False
Is 1097077567 prime?
False
Is 2184826769 a prime number?
True
Is 58327355677 composite?
True
Is 260481173 prime?
True
Is 24440195141 composite?
False
Is 256380071 a prime number?
True
Is 5420676214 prime?
False
Is 727185749 a composite number?
False
Is 2091912451 composite?
False
Is 13462289207 prime?
True
Is 694806754 prime?
False
Is 5679684809 composite?
True
Is 241929209 prime?
True
Is 1797315437 a composite number?
True
Is 1200611966 prime?
False
Is 18442333909 prime?
False
Is 4793032403 a prime number?
True
Is 73769596861 a prime number?
False
Is 27280625899 prime?
True
Is 4042175713 composite?
False
Is 1413725585 a prime number?
False
Is 23719534073 a prime number?
True
Is 5463905659 a composite number?
False
Is 57139311017 a prime number?
True
Is 48173303729 a composite number?
False
Is 2507415019 prime?
True
Is 1807706429 prime?
True
Is 2577285943 composite?
True
Is 373087318 a prime number?
False
Is 658312829 composite?
False
Is 1164376511 a prime number?
True
Is 1128306787 a prime number?
True
Is 9209336971 a prime number?
True
Is 10907609903 a composite number?
False
Is 525091817 prime?
False
Is 18696584827 prime?
False
Is 1034738399 a composite number?
True
Is 713310877 prime?
False
Is 81744095 a composite number?
True
Is 11628340637 a prime number?
True
Is 4582670419 a composite number?
False
Is 268573153 prime?
True
Is 6964232269 prime?
False
Is 90519439 prime?
False
Is 742765511 a composite number?
True
Is 2806017937 prime?
True
Is 4613975463 a composite number?
True
Is 674499697 a prime number?
True
Is 9121585439 a prime number?
True
Is 15934025821 prime?
False
Is 1657518041 a composite number?
False
Is 1390797229 a composite number?
False
Is 2359716559 prime?
False
Is 3233162689 prime?
False
Is 2043898435 a prime number?
False
Is 863884423 a prime number?
False
Is 32443079693 a composite number?
False
Is 3592855771 a composite number?
True
Is 171454034 a prime number?
False
Is 6102802423 composite?
False
Is 115400874101 a prime number?
False
Is 872578153 a composite number?
True
Is 1432388059 composite?
True
Is 24615153053 composite?
False
Is 54196691765 a prime number?
False
Is 832359169 a prime number?
False
Is 8639798891 prime?
True
Is 1357823903 a composite number?
False
Is 1965510343 a prime number?
False
Is 254168177 prime?
True
Is 31686321 prime?
False
Is 100982260637 prime?
False
Is 236856677893 a composite number?
True
Is 1527266549 a prime number?
True
Is 1267882181 a composite number?
False
Is 5754913309 composite?
False
Is 6991837 a composite number?
True
Is 8209316135 a prime number?
False
Is 387495547 a prime number?
True
Is 7068934283 prime?
False
Is 128192759 a prime number?
True
Is 138663830651 a composite number?
False
Is 16795040159 a prime number?
False
Is 1544151251 a composite number?
False
Is 2607666443 a prime number?
False
Is 26616596801 composite?
True
Is 31447447039 a composite number?
False
Is 11575153327 prime?
False
Is 9128846435 a composite number?
True
Is 755539 a composite number?
False
Is 21759718731 a prime number?
False
Is 87324150833 prime?
True
Is 55498036427 composite?
True
Is 2383391657 a prime number?
True
Is 64884977 a composite number?
True
Is 60343811191 a composite number?
True
Is 539797621 a prime number?
False
Is 25843093007 prime?
True
Is 59704817 a composite number?
False
Is 685108009 a composite number?
False
Is 303444629 prime?
True
Is 27661527589 a prime number?
True
Is 3331299581 a prime number?
True
Is 2839998779 a prime number?
True
Is 8124307241 a composite number?
False
Is 49600342157 composite?
True
Is 108805591 a prime number?
False
Is 17481490679 prime?
False
Is 463780091 a composite number?
True
Is 19005220547 prime?
False
Is 16635244601 a composite number?
False
Is 338504239 a prime number?
True
Is 425738713 a prime number?
True
Is 36130